 factors of 59195.
5, 11839
List the prime factors of 644.
2, 7, 23
What are the prime factors of 1344?
2, 3, 7
List the prime factors of 83114.
2, 29, 1433
List the prime factors of 3234.
2, 3, 7, 11
List the prime factors of 1691.
19, 89
What are the prime factors of 2270?
2, 5, 227
What are the prime factors of 556?
2, 139
What are the prime factors of 2968?
2, 7, 53
List the prime factors of 2442.
2, 3, 11, 37
What are the prime factors of 13139?
7, 1877
What are the prime factors of 3823?
3823
What are the prime factors of 4323?
3, 11, 131
List the prime factors of 7402.
2, 3701
List the prime factors of 49399.
7, 7057
What are the prime factors of 71659?
7, 29, 353
What are the prime factors of 11126?
2, 5563
What are the prime factors of 20865?
3, 5, 13, 107
List the prime factors of 6221.
6221
List the prime factors of 1816.
2, 227
List the prime factors of 48854.
2, 13, 1879
What are the prime factors of 21240?
2, 3, 5, 59
List the prime factors of 132786.
2, 3, 2459
List the prime factors of 115005.
3, 5, 11, 17, 41
What are the prime factors of 117293?
11, 10663
What are the prime factors of 3631?
3631
What are the prime factors of 16?
2
List the prime factors of 17816.
2, 17, 131
List the prime factors of 122769.
3, 4547
What are the prime factors of 22281?
3, 7, 1061
What are the prime factors of 47507?
47507
What are the prime factors of 14443?
11, 13, 101
What are the prime factors of 192?
2, 3
List the prime factors of 578.
2, 17
What are the prime factors of 52652?
2, 13163
List the prime factors of 696.
2, 3, 29
What are the prime factors of 148479?
3, 43, 1151
What are the prime factors of 53872?
2, 7, 13, 37
What are the prime factors of 9476?
2, 23, 103
What are the prime factors of 12370?
2, 5, 1237
What are the prime factors of 1974?
2, 3, 7, 47
List the prime factors of 5618.
2, 53
List the prime factors of 21846.
2, 3, 11, 331
What are the prime factors of 8154?
2, 3, 151
What are the prime factors of 90060?
2, 3, 5, 19, 79
What are the prime factors of 51176?
2, 6397
List the prime factors of 1086.
2, 3, 181
What are the prime factors of 198?
2, 3, 11
What are the prime factors of 7114?
2, 3557
What are the prime factors of 8185?
5, 1637
What are the prime factors of 100172?
2, 79, 317
List the prime factors of 1059.
3, 353
What are the prime factors of 2486?
2, 11, 113
List the prime factors of 22272.
2, 3, 29
List the prime factors of 15223.
13, 1171
What are the prime factors of 24268?
2, 6067
What are the prime factors of 17189?
17189
What are the prime factors of 32849?
107, 307
List the prime factors of 14196.
2, 3, 7, 13
What are the prime factors of 18424?
2, 7, 47
What are the prime factors of 22491?
3, 7, 17
List the prime factors of 1418.
2, 709
What are the prime factors of 9502?
2, 4751
What are the prime factors of 45882?
2, 3, 2549
What are the prime factors of 814?
2, 11, 37
List the prime factors of 43582.
2, 7, 11, 283
What are the prime factors of 52114?
2, 71, 367
What are the prime factors of 3418?
2, 1709
List the prime factors of 1003.
17, 59
List the prime factors of 13390.
2, 5, 13, 103
List the prime factors of 1304.
2, 163
What are the prime factors of 26152?
2, 7, 467
List the prime factors of 26093.
97, 269
What are the prime factors of 885?
3, 5, 59
List the prime factors of 3699.
3, 137
What are the prime factors of 2150?
2, 5, 43
What are the prime factors of 4747?
47, 101
List the prime factors of 1110.
2, 3, 5, 37
What are the prime factors of 1602?
2, 3, 89
List the prime factors of 51568.
2, 11, 293
What are the prime factors of 910?
2, 5, 7, 13
What are the prime factors of 7402?
2, 3701
List the prime factors of 55770.
2, 3, 5, 11, 13
What are the prime factors of 21286?
2, 29, 367
List the prime factors of 27043.
27043
What are the prime factors of 416?
2, 13
What are the prime factors of 19053?
3, 29, 73
List the prime factors of 805.
5, 7, 23
List the prime factors of 2403.
3, 89
What are the prime factors of 15092?
2, 7, 11
List the prime factors of 1447.
1447
What are the prime factors of 2779?
7, 397
What are the prime factors of 2114?
2, 7, 151
What are the prime factors of 1811?
1811
List the prime factors of 70167.
3, 19, 1231
List the prime factors of 112453.
11, 10223
What are the prime factors of 12016?
2, 751
What are the prime factors of 84?
2, 3, 7
What are the prime factors of 23503?
19, 1237
What are the prime factors of 4209?
3, 23, 61
List the prime factors of 673.
673
What are the prime factors of 103086?
2, 3, 23, 83
List the prime factors of 6936.
2, 3, 17
What are the prime factors of 63813?
3, 89, 239
What are the prime factors of 5244?
2, 3, 19, 23
List the prime factors of 63598.
2, 31799
List the prime factors of 1168.
2, 73
List the prime factors of 3038.
2, 7, 31
List the prime factors of 4197.
3, 1399
List the prime factors of 102334.
2, 19, 2693
List the prime factors of 54864.
2, 3, 127
What are the prime factors of 1318?
2, 659
What are the prime factors of 2461?
23, 107
List the prime factors of 857.
857
List the prime factors of 2482.
2, 17, 73
What are the prime factors of 3102?
2, 3, 11, 47
What are the prime factors of 15247?
79, 193
List the prime factors of 4532.
2, 11, 103
What are the prime factors of 292?
2, 73
List the prime factors of 1642.
2, 821
What are the prime factors of 840?
2, 3, 5, 7
List the prime factors of 694.
2, 347
List the prime factors of 8581.
8581
What are the prime factors of 3198?
2, 3, 13, 41
List the prime factors of 12150.
2, 3, 5
List the prime factors of 66310.
2, 5, 19, 349
What are the prime factors of 956?
2, 239
List the prime factors of 39140.
2, 5, 19, 103
What are the prime factors of 84932?
2, 17, 1249
List the prime factors of 8448.
2, 3, 11
List the prime factors of 21040.
2, 5, 263
What are the prime factors of 202?
2, 101
List the prime factors of 175.
5, 7
List the prime factors of 731.
17, 43
List the prime factors of 143860.
2, 5, 7193
List the prime factors of 2009.
7, 41
What are the prime factors of 3829?
7, 547
What are the prime factors of 137?
137
What are the prime factors of 21364?
2, 7, 109
What are the prime factors of 1549?
1549
List the prime factors of 7463.
17, 439
What are the prime factors of 67?
67
List the prime factors of 784.
2, 7
What are the prime factors of 5316?
2, 3, 443
List the prime factors of 422.
2, 211
List the prime factors of 53620.
2, 5, 7, 383
What are the prime factors of 7654?
2, 43, 89
List the prime factors of 3383.
17, 199
What are the prime factors of 90651?
3, 11, 41, 67
What are the prime factors of 1854?
2, 3, 103
What are the prime factors of 16159?
11, 13, 113
What are the prime factors of 41788?
2, 31, 337
What are the prime factors of 3318?
2, 3, 7, 79
List the prime factors of 177130.
2, 5, 17713
List the prime factors of 1931.
1931
What are the prime factors of 863?
863
What are the prime factors of 5758?
2, 2879
What are the prime factors of 33751?
33751
What are the prime factors of 37787?
29, 1303
What are the prime factors of 1535?
5, 307
List the prime factors of 4128.
2, 3, 43
List the prime factors of 4219.
4219
What are the prime factors of 1005?
3, 5, 67
What are the prime factors of 3160?
2, 5, 79
List the prime factors of 809.
809
List the prime factors of 15207.
3, 37, 137
What are the prime factors of 63013?
61, 1033
List the prime factors of 24038.
2, 7, 17, 101
List the prime factors of 24846.
2, 3, 41, 101
List the prime factors of 12996.
2, 3, 19
List the prime factors of 1391.
13, 107
What are the prime factors of 2834?
2, 13, 109
What are the prime factors of 47298?
2, 3, 7883
List the prime factors of 891.
3, 11
List the prime factors of 7837.
17, 461
List the prime factors of 925.
5, 37
What are the prime factors of 3195?
3, 5, 71
List the prime factors of 4023.
3, 149
List the prime factors of 43366.
2, 21683
What are the prime factors of 31159?
31159
What are the prime factors of 28?
2, 7
List the prime factors of 3080.
2, 5, 7, 11
What are the prime factors of 112269?
3, 37423
What are the prime factors of 1854?
2, 3, 103
What are the prime factors of 64736?
2, 7, 17
List the prime factors of 23141.
73, 317
What are the prime factors of 2165?
5, 433
What are the prime factors of 21598?
2, 10799
What are the prime facto